{"id":105,"date":"2025-09-22T08:56:39","date_gmt":"2025-09-22T08:56:39","guid":{"rendered":"https:\/\/next39860.elev.nextkbh.dk\/?page_id=105"},"modified":"2025-09-22T08:56:39","modified_gmt":"2025-09-22T08:56:39","slug":"kontakt","status":"publish","type":"page","link":"https:\/\/next39860.elev.nextkbh.dk\/?page_id=105","title":{"rendered":"Kontakt"},"content":{"rendered":"\n<p><\/p>\n\n\n\n<div class=\"wp-block-group alignfull has-global-padding is-layout-constrained wp-container-core-group-is-layout-7e874eaa wp-block-group-is-layout-constrained\" style=\"padding-top:var(--wp--preset--spacing--superbspacing-large);padding-right:var(--wp--preset--spacing--superbspacing-small);padding-bottom:var(--wp--preset--spacing--superbspacing-large);padding-left:var(--wp--preset--spacing--superbspacing-small)\">\n<div style=\"opacity: 0;\" superb-addons-animation=\"fadeIn\" class=\"wp-block-columns alignwide is-layout-flex wp-container-core-columns-is-layout-25593187 wp-block-columns-is-layout-flex\">\n<div class=\"wp-block-column is-vertically-aligned-center is-layout-flow wp-container-core-column-is-layout-40a2a7e8 wp-block-column-is-layout-flow\" style=\"padding-right:0;padding-bottom:0;padding-left:0\">\n<figure class=\"wp-block-image size-full has-custom-border wp-duotone-unset-1\"><img loading=\"lazy\" decoding=\"async\" width=\"1707\" height=\"2560\" src=\"https:\/\/next39860.elev.nextkbh.dk\/wp-content\/uploads\/2025\/09\/signe-copy2-scaled.jpg\" alt=\"\" class=\"wp-image-110\" style=\"border-radius:0px\" srcset=\"https:\/\/next39860.elev.nextkbh.dk\/wp-content\/uploads\/2025\/09\/signe-copy2-scaled.jpg 1707w, https:\/\/next39860.elev.nextkbh.dk\/wp-content\/uploads\/2025\/09\/signe-copy2-200x300.jpg 200w, https:\/\/next39860.elev.nextkbh.dk\/wp-content\/uploads\/2025\/09\/signe-copy2-683x1024.jpg 683w, https:\/\/next39860.elev.nextkbh.dk\/wp-content\/uploads\/2025\/09\/signe-copy2-768x1152.jpg 768w, https:\/\/next39860.elev.nextkbh.dk\/wp-content\/uploads\/2025\/09\/signe-copy2-1024x1536.jpg 1024w, https:\/\/next39860.elev.nextkbh.dk\/wp-content\/uploads\/2025\/09\/signe-copy2-1365x2048.jpg 1365w\" sizes=\"auto, (max-width: 1707px) 100vw, 1707px\" \/><\/figure>\n<\/div>\n\n\n\n<div class=\"wp-block-column is-vertically-aligned-center is-layout-flow wp-container-core-column-is-layout-30be4402 wp-block-column-is-layout-flow\">\n<div class=\"wp-block-group has-global-padding is-layout-constrained wp-container-core-group-is-layout-85cc789f wp-block-group-is-layout-constrained\">\n<h2 class=\"wp-block-heading has-text-align-left has-contrast-color has-text-color has-superbfont-xlarge-font-size\">Kontakt mig<\/h2>\n\n\n\n<p class=\"has-text-align-left has-secondary-color has-text-color has-superbfont-small-font-size\">Hvis du vil vide mere om mig, og hvad jeg kan byde ind med, skal du v\u00e6re velkommen til at kontakte mig p\u00e5 nedenst\u00e5ende<\/p>\n<\/div>\n\n\n\n<div class=\"wp-block-group has-global-padding is-layout-constrained wp-container-core-group-is-layout-85cc789f wp-block-group-is-layout-constrained\">\n<div class=\"wp-block-columns is-layout-flex wp-container-core-columns-is-layout-596307b8 wp-block-columns-is-layout-flex\">\n<div class=\"wp-block-column is-layout-flow wp-container-core-column-is-layout-b4584b45 wp-block-column-is-layout-flow\">\n<figure class=\"wp-block-image size-large is-resized\"><img decoding=\"async\" src=\"https:\/\/superbdemo.com\/superb-addons-images\/wp-content\/uploads\/2023\/08\/icon-email.png\" alt=\"\" style=\"width:32px;height:32px\"\/><\/figure>\n\n\n\n<div class=\"wp-block-group has-base-background-color has-background is-vertical is-layout-flex wp-container-core-group-is-layout-da6736d2 wp-block-group-is-layout-flex\" style=\"border-style:none;border-width:0px;border-radius:0px;padding-top:0;padding-right:0;padding-bottom:0;padding-left:0\">\n<h3 class=\"wp-block-heading has-primary-color has-text-color has-superbfont-xsmall-font-size\">Email <\/h3>\n\n\n\n<p class=\"has-secondary-color has-text-color has-superbfont-xxsmall-font-size\">signe.hvidsteen@gmail.com<\/p>\n<\/div>\n<\/div>\n\n\n\n<div class=\"wp-block-column is-layout-flow wp-container-core-column-is-layout-b4584b45 wp-block-column-is-layout-flow\">\n<figure class=\"wp-block-image size-large is-resized\"><img decoding=\"async\" src=\"https:\/\/superbdemo.com\/superb-addons-images\/wp-content\/uploads\/2023\/08\/icon-phone-call.png\" alt=\"\" style=\"width:32px;height:32px\"\/><\/figure>\n\n\n\n<div class=\"wp-block-group has-base-background-color has-background is-vertical is-layout-flex wp-container-core-group-is-layout-da6736d2 wp-block-group-is-layout-flex\" style=\"border-style:none;border-width:0px;border-radius:0px;padding-top:0;padding-right:0;padding-bottom:0;padding-left:0\">\n<h3 class=\"wp-block-heading has-primary-color has-text-color has-superbfont-xsmall-font-size\">Telefon<\/h3>\n\n\n\n<p class=\"has-secondary-color has-text-color has-superbfont-xxsmall-font-size\">+45 28809639<\/p>\n<\/div>\n<\/div>\n<\/div>\n\n\n\n<div class=\"wp-block-columns is-layout-flex wp-container-core-columns-is-layout-596307b8 wp-block-columns-is-layout-flex\">\n<div class=\"wp-block-column is-layout-flow wp-container-core-column-is-layout-b4584b45 wp-block-column-is-layout-flow\"><\/div>\n<\/div>\n<\/div>\n<\/div>\n<\/div>\n<\/div>\n","protected":false},"excerpt":{"rendered":"","protected":false},"author":1,"featured_media":0,"parent":0,"menu_order":0,"comment_status":"closed","ping_status":"closed","template":"superbaddons-page-template","meta":{"footnotes":""},"class_list":["post-105","page","type-page","status-publish","hentry"],"_links":{"self":[{"href":"https:\/\/next39860.elev.nextkbh.dk\/index.php?rest_route=\/wp\/v2\/pages\/105","targetHints":{"allow":["GET"]}}],"collection":[{"href":"https:\/\/next39860.elev.nextkbh.dk\/index.php?rest_route=\/wp\/v2\/pages"}],"about":[{"href":"https:\/\/next39860.elev.nextkbh.dk\/index.php?rest_route=\/wp\/v2\/types\/page"}],"author":[{"embeddable":true,"href":"https:\/\/next39860.elev.nextkbh.dk\/index.php?rest_route=\/wp\/v2\/users\/1"}],"replies":[{"embeddable":true,"href":"https:\/\/next39860.elev.nextkbh.dk\/index.php?rest_route=%2Fwp%2Fv2%2Fcomments&post=105"}],"version-history":[{"count":1,"href":"https:\/\/next39860.elev.nextkbh.dk\/index.php?rest_route=\/wp\/v2\/pages\/105\/revisions"}],"predecessor-version":[{"id":117,"href":"https:\/\/next39860.elev.nextkbh.dk\/index.php?rest_route=\/wp\/v2\/pages\/105\/revisions\/117"}],"wp:attachment":[{"href":"https:\/\/next39860.elev.nextkbh.dk\/index.php?rest_route=%2Fwp%2Fv2%2Fmedia&parent=105"}],"curies":[{"name":"wp","href":"https:\/\/api.w.org\/{rel}","templated":true}]}}